. What is m(-2)?
-2
Let w(b) = 111*b - 135. Give w(5).
420
Let t(x) = -3*x**3 + 25*x**2 - 5*x - 312. Calculate t(5).
-87
Let o(a) = 3*a**3 + 229*a**2 - 605*a - 34734. Determine o(-77).
-7
Let i(z) = 3376*z - 13838. Determine i(4).
-334
Let r(p) = -44*p + 163. What is r(-2)?
251
Let m(l) = 4570*l - 86858. What is m(19)?
-28
Let u(r) = -2*r**3 + 38*r**2 - 3161*r - 13394. Calculate u(-4).
-14
Let b(r) = -48303*r + 1062602. Calculate b(22).
-64
Let q(v) = v**2 + 36817*v + 1764911. Give q(-48).
-1
Let o(q) = -89428*q + 894419. Calculate o(10).
139
Let p(d) = -3*d**3 + 9*d**2 - 156*d + 1682. Calculate p(7).
2
Let w(n) = -2*n**2 + 259*n - 4362. Determine w(113).
-633
Let g(r) = 610*r + 53177. What is g(-88)?
-503
Let t(h) = 7*h**2 + 681*h - 5230. Give t(7).
-120
Let d(w) = -928*w**2 + 8568*w - 1927. What is d(9)?
17
Let q(w) = -w**3 + 341*w**2 - 682*w - 2. Calculate q(2).
-10
Let r(x) = -8288*x + 41106. Calculate r(5).
-334
Let v(l) = 7861*l + 503096. Calculate v(-64).
-8
Let m(r) = -28*r**3 - 130*r**2 + 19*r - 5. Calculate m(1).
-144
Let m(x) = x**2 + 4868*x + 24309. Give m(-5).
-6
Let m(w) = -22*w**2 - 213*w - 886. Determine m(-8).
-590
Let p(m) = -5138*m + 92678. Determine p(18).
194
Let d(l) = 157*l - 19743. Determine d(110).
-2473
Let p(u) = 1697*u**2 - 276*u - 269. Give p(-1).
1704
Let p(w) = 3*w**2 + 570*w + 1611. Give p(-186).
-621
Let i(h) = -186*h - 3577. Give i(-21).
329
Let r(o) = 5*o**3 - 2*o**2 - 128*o + 36. Determine r(-8).
-1628
Let i(s) = -s**2 + 3278*s + 19676. What is i(-6)?
-28
Let i(z) = -2*z**3 - 5*z**2 + 51*z + 558. Determine i(-9).
1152
Let k(b) = 103*b**2 - 216*b - 19. What is k(4)?
765
Let o(p) = -472*p - 8030. Give o(-17).
-6
Let x(l) = l**3 - 217*l**2 - 20812*l + 1141. Calculate x(289).
-15
Let t(u) = 45438*u + 136364. Calculate t(-3).
50
Let w(x) = 78859*x + 1104033. Determine w(-14).
7
Let g(a) = -24*a**3 - 1513*a**2 - 65*a + 199. Determine g(-63).
325
Let x(r) = -r**2 - 514*r - 23627. What is x(-51)?
-14
Let o(b) = -1388*b + 8330. Calculate o(6).
2
Let v(t) = 15103*t**2 + 30199*t - 16. Calculate v(-2).
-2
Let i(p) = 366*p**2 - 763*p - 1113. Give i(-1).
16
Let r(k) = -3*k**2 + 581*k - 5352. Give r(9).
-366
Let t(d) = -72*d**2 + 1146*d - 1145. Give t(1).
-71
Let s(w) = -10*w**3 + 87*w**2 + 263*w - 104. Determine s(11).
6
Let a(i) = 848*i + 43165. Determine a(-51).
-83
Let y(b) = 4785*b - 90639. Determine y(19).
276
Let n(w) = 669*w - 25193. Calculate n(38).
229
Let f(w) = 635*w - 5692. Calculate f(9).
23
Let p(i) = -8311*i - 647924. Calculate p(-78).
334
Let k(v) = 8492*v + 8470. What is k(-1)?
-22
Let o(k) = k**3 - 13*k**2 - 127*k + 229. Determine o(19).
-18
Let j(n) = n**3 - 47*n**2 - 17*n + 239. Determine j(47).
-560
Let c(a) = 3649*a - 135016. Calculate c(37).
-3
Let x(b) = 2*b**2 + 68618*b + 2193704. Calculate x(-32).
-24
Let g(l) = 43191*l + 42296. Calculate g(-1).
-895
Let g(y) = -175*y**2 + 5968*y - 623. What is g(34)?
-11
Let j(z) = -5*z**3 - 329*z**2 + 74*z + 520. Give j(-66).
-8
Let o(p) = -2934*p - 2985. Calculate o(-1).
-51
Let b(s) = 16*s**2 - 1251*s + 233. Determine b(78).
-1
Let h(s) = 3463*s + 491213. What is h(-142)?
-533
Let k(q) = -5*q**2 - 34*q + 21210. Give k(62).
-118
Let q(j) = -j**2 - 515959*j - 2579780. Give q(-5).
-10
Let d(x) = -3126*x + 9334. Give d(3).
-44
Let q(n) = 186*n**3 - 42*n**2 + 59*n + 13. Give q(2).
1451
Let o(w) = 444870*w + 23133236. Give o(-52).
-4
Let q(k) = 239*k**2 + 124760*k + 1024. What is q(-522)?
-20
Let k(s) = 4683490*s + 28100937. Give k(-6).
-3
Let i(v) = -v**3 + 79*v**2 - 54*v + 29. Determine i(78).
1901
Let i(p) = 2*p**3 + 85*p**2 - 984*p - 40443. Determine i(-43).
20
Let w(g) = 187*g**2 + 42*g - 192. Calculate w(4).
2968
Let v(o) = -2*o**3 + 6*o**2 + 128*o - 467. Give v(4).
13
Let m(c) = 1237*c - 159592. Calculate m(129).
-19
Let t(b) = 5208*b - 161485. What is t(31)?
-37
Let c(b) = b**3 + 39*b**2 + 136*b + 1211. What is c(-36)?
203
Let h(t) = -2*t**2 + 582*t + 199163. Calculate h(-202).
-9
Let z(q) = -2*q**2 - 171114*q + 2738341. Determine z(16).
5
Let j(q) = q**3 - 180*q**2 + 598*q - 11288. Determine j(177).
571
Let m(t) = 2*t**3 - 61*t**2 + 151*t - 320. Calculate m(28).
-12
Let v(t) = 6*t**2 + 1572*t + 102298. What is v(-121)?
-68
Let w(m) = -5*m**2 + 6532*m - 32677. Determine w(5).
-142
Let k(b) = 675729*b**2 - 8108752*b + 52. Determine k(12).
4
Let p(b) = -394*b + 2015. Calculate p(5).
45
Let h(s) = s**3 - 185*s**2 + 137. Calculate h(185).
137
Let w(u) = -u**3 - 12*u**2 + 55*u + 356. Calculate w(-12).
-304
Let u(r) = -562*r**2 + 40*r - 10. Determine u(-1).
-612
Let s(v) = -286*v + 1726. Determine s(8).
-562
Let j(x) = 6745*x + 458655. What is j(-68)?
-5
Let o(q) = 1638416*q - 9830498. Give o(6).
-2
Let o(u) = u**2 + 105513*u - 2955154. Give o(28).
-6
Let z(x) = -1836*x + 978749. Give z(533).
161
Let w(o) = o**3 + 178*o**2 + 1662*o - 187. Determine w(-10).
-7
Let f(q) = 52608*q - 841165. Calculate f(16).
563
Let o(d) = -9166*d + 174145. Give o(19).
-9
Let n(z) = -432362*z - 4323624. Determine n(-10).
-4
Let y(w) = -39*w**2 - 284*w + 401. What is y(-10)?
-659
Let l(r) = r**3 + 43*r**2 - 1440*r - 11339. Determine l(-63).
1
Let y(d) = 23562*d - 47136. Determine y(2).
-12
Let z(c) = c**3 + 33*c**2 - 228*c - 6108. Determine z(-34).
488
Let j(f) = 59802*f + 119600. What is j(-2)?
-4
Let h(p) = 12786*p + 76694. Calculate h(-6).
-22
Let t(x) = x**3 - 27*x**2 + 132*x - 656. Calculate t(23).
264
Let s(m) = 1069*m**2 - 24604*m + 121. Give s(23).
-270
Let a(c) = 10*c**3 + 4506*c**2 - 1796*c + 3583. Give a(-451).
-25
Let z(f) = -71*f + 18398. What is z(259)?
9
Let s(i) = 10*i**3 - 143*i**2 + 1641*i - 1497. What is s(1)?
11
Let z(j) = -32141*j + 385689. Determine z(12).
-3
Let u(w) = -1139*w - 148146. What is u(-130)?
-76
Let l(k) = k**2 + 1366*k + 36159. What is l(-27)?
6
Let r(s) = 6*s**2 - 331*s + 851. Determine r(55).
796
Let f(a) = 15*a**3 - 2445*a**2 - 2*a + 191. Calculate f(163).
-135
Let r(l) = -11321*l + 5490675. Give r(485).
-10
Let t(v) = 40*v**3 - 513*v**2 - 92*v - 19. Determine t(13).
-32
Let x(b) = -b**3 + 71*b**2 + 399*b - 36996. Give x(69).
57
Let f(o) = -157*o + 3246. What is f(18)?
420
Let z(t) = t**3 + 92*t**2 + 3484*t + 308754. Give z(-91).
-9
Let r(a) = 5*a**3 - 21*a**2 - 1123*a - 116. Calculate r(-13).
-51
Let c(h) = -2*h**2 + 21966*h - 285262. Determine c(13).
-42
Let h(o) = 71*o + 15102. What is h(-217)?
-305
Let h(g) = 130*g**2 + 418*g + 295. What is h(-1)?
7
Let x(t) = -2*t**2 + 430*t + 323893. Determine x(524).
61
Let k(x) = 847778*x - 1695555. Calculate k(2).
1
Let y(d) = 8*d**3 - 56*d**2 + 294*d - 15. Calculate y(5).
1055
Let a(c) = 920*c - 35775. Give a(39).
105
Let j(z) = -16*z**3 - 5*z**2 - 445*z + 1346. Give j(3).
-466
Let b(l) = -l**3 - 5*l**2 - 311*l - 2389. Give b(-7).
-114
Let q(j) = -290*j - 3777. What is q(-13)?
-7
Let n(o) = -o**3 + 7*o**2 - 29*o + 199. Give n(7).
-4
Let y(h) = 9*h**3 - 8*h**2 - 2114*h - 26. Determine y(0).
-26
Let u(a) = -69563*a + 2295563. Calculate u(33).
-16
Let m(o) = 9*o**2 - 104*o - 265. Give m(-9).
1400
Let v(c) = 224717*c + 1123578. Calculate v(-5).
-7
Let a(l) = -211*l + 50404. Give a(239).
-25
Let c(k) = -k**3 - 12*k**2 + 4031*k + 76. Give c(58).
-1606
Let c(o) = -359*o**2 - 689*o + 66. Give c(-2).
8
Let w(x) = -124480*x + 4481285. Determine w(36).
5
Let d(j) = 27*j**2 + 195*j - 2117. Calculate d(6).
25
Let q(d) = 2*d**2 + 169*d + 1906. What is q(-12)?
166
Let x(d) = -13*d**2 + 755*d - 2190. Calculate x(55).
10
Let g(o) = o**2 - 764*o + 46544. Give g(67).
-155
Let y(s) = -23144*s - 1180357. Give y(-51).
-13
Let c(l) = 10665*l + 106655. Determine c(-10).
5
Let u(f) = -9*f**2 + 1269*f + 8813. Calculate u(-7).
-511
Let o(r) = -27*r**3 - 522*r**2 - 168*r - 169. Determine o(-19).
-226
Let r(u) = -u**3 - 140*u**2 + 514*u + 5947. Calculate r(-5).
2
Let u(r) = 5*r**3 - 482*r**2 + 189*r + 1319. Give u(96).
1031
Let g(c) = 166*c + 783. Give g(0).
783
Let x(g) = 4371*g**2 + 441474*g + 345. Calculate x(-101).
42
Let t(d) = -56*d**3 - 330*d**2 + 53*d + 25. Calculate t(-6).
-77
Let k(o) = 1265*o - 29347. Determine k(23).
-252
Let p(r) = -65*r - 3159. Calculate p(-52).
221
Let g(i) = -5*i**2 + 128*i - 1002. Give g(15).
-207
Let u(f) = 4*f**3 - 33*f**2 + 550*f - 5730. What is u(10)?
470
Let p(z) = z**3 + 32*z**2 - 139*z 